{"id":86,"date":"2018-05-10T19:16:31","date_gmt":"2018-05-10T19:16:31","guid":{"rendered":"https:\/\/sivalni-servis.si\/?page_id=86"},"modified":"2025-04-08T10:02:28","modified_gmt":"2025-04-08T10:02:28","slug":"serviser-za-popravilo-likalnikov","status":"publish","type":"page","link":"https:\/\/sivalni-servis.si\/?page_id=86","title":{"rendered":"Prodaja, servis tla\u010dnih likalnikov in likalnih valjev"},"content":{"rendered":"<p><em><strong>Servis za popravilo likalnikov in likalnih valjev v podjetju Darko Tratnik s.p. samo za vas.<\/strong><\/em><\/p>\n<div dir=\"auto\">MAK-RON 860<br \/>\nLikalna postaja za ve\u010dje obremenitve, primerna za ve\u010dje dru\u017eine, kjer je potreba po ve\u010durnem likanju skoraj vsakodnevna. INOX KOTLI\u010cEK kapacitete 2,0l vode za pribli\u017eno 4 ure likanja, lo\u010deni stikali za vklop likalnika in vklop priprave pare, nastavljiva temperatura likalne ploskve, nastavljiv izpust pare ..<\/div>\n<div dir=\"auto\"><\/div>\n<div dir=\"auto\"><img loading=\"lazy\" decoding=\"async\" class=\"alignnone size-medium wp-image-286\" src=\"https:\/\/sivalni-servis.si\/wp-content\/uploads\/2020\/10\/CMM820-1-width-2000px-300x300.jpg\" alt=\"\" width=\"300\" height=\"300\" srcset=\"https:\/\/sivalni-servis.si\/wp-content\/uploads\/2020\/10\/CMM820-1-width-2000px-300x300.jpg 300w, https:\/\/sivalni-servis.si\/wp-content\/uploads\/2020\/10\/CMM820-1-width-2000px-1024x1024.jpg 1024w, https:\/\/sivalni-servis.si\/wp-content\/uploads\/2020\/10\/CMM820-1-width-2000px-150x150.jpg 150w, https:\/\/sivalni-servis.si\/wp-content\/uploads\/2020\/10\/CMM820-1-width-2000px-768x768.jpg 768w, https:\/\/sivalni-servis.si\/wp-content\/uploads\/2020\/10\/CMM820-1-width-2000px-1536x1536.jpg 1536w, https:\/\/sivalni-servis.si\/wp-content\/uploads\/2020\/10\/CMM820-1-width-2000px.jpg 2000w\" sizes=\"auto, (max-width: 300px) 100vw, 300px\" \/><\/div>\n<div dir=\"auto\"><\/div>\n<div dir=\"auto\">MAK-RON 820<br \/>\nLikalna ploskev, z inovativnim sistemom trojnega uparjanja pare, prepre\u010duje kapljanje vode tudi pri zahtevnem vertikalnem likanju (likanje srajc na obe\u0161alniku). S tako pripravljeno \u201csuho paro\u201d pod visokim pritiskom lahko obla\u010dila hitro prezra\u010dimo in jim odstranimo neprijetne vonjave.<br \/>\nKapaciteta uparjalnega kotli\u010dka<br \/>\n1,2 l (do 2 ure likanja)<br \/>\nDolivanje vode med likanjem<br \/>\nne<br \/>\nTlak pare v KOTLI\u010cKU<br \/>\n4,0 bar<br \/>\n\u010cas priprave pare<br \/>\ndo 9 min<br \/>\nDol\u017eina izpusta pare<br \/>\ndo 1,2 m<br \/>\nNeprekinjen izpust pare<br \/>\n125 g \/min<br \/>\nRegulacija izpusta pare<br \/>\nda<br \/>\nHitro likanje brez pare<br \/>\nda<br \/>\nRegulacija temperature likalnika<br \/>\n0\u00b0C do 210\u00b0C<br \/>\nMo\u010d likalnika + kotli\u010dka<br \/>\n850 W + 1300 W<\/div>\n<div dir=\"auto\"><\/div>\n<div dir=\"auto\"><img loading=\"lazy\" decoding=\"async\" class=\"alignnone size-medium wp-image-286\" src=\"https:\/\/sivalni-servis.si\/wp-content\/uploads\/2020\/10\/CMM820-1-width-2000px-300x300.jpg\" alt=\"\" width=\"300\" height=\"300\" srcset=\"https:\/\/sivalni-servis.si\/wp-content\/uploads\/2020\/10\/CMM820-1-width-2000px-300x300.jpg 300w, https:\/\/sivalni-servis.si\/wp-content\/uploads\/2020\/10\/CMM820-1-width-2000px-1024x1024.jpg 1024w, https:\/\/sivalni-servis.si\/wp-content\/uploads\/2020\/10\/CMM820-1-width-2000px-150x150.jpg 150w, https:\/\/sivalni-servis.si\/wp-content\/uploads\/2020\/10\/CMM820-1-width-2000px-768x768.jpg 768w, https:\/\/sivalni-servis.si\/wp-content\/uploads\/2020\/10\/CMM820-1-width-2000px-1536x1536.jpg 1536w, https:\/\/sivalni-servis.si\/wp-content\/uploads\/2020\/10\/CMM820-1-width-2000px.jpg 2000w\" sizes=\"auto, (max-width: 300px) 100vw, 300px\" \/><\/div>\n<div dir=\"auto\"><\/div>\n<div dir=\"auto\"><span style=\"color: #ff0000;\">LIKALNI SISTEM MAK-RON ACM720\u00a0<\/span><\/div>\n<div dir=\"auto\">Kompakten likalni sistem .<\/div>\n<div dir=\"auto\">Izredno trpe\u017een visokotla\u010dni kotli\u010dek za pripravo pare, stikalo za vklop likalnika in priprave pare, opozorilni lu\u010dki za pripravljeno paro in pomanjkanje vode , stikalo za izbor funkcije izsesavanja ali napihovanja, gumb za nastavitev izpusta pare.<\/div>\n<div dir=\"auto\">Hitro snemljiva parna postaja z vgrajenim INOX kotli\u010dkom z izredno dolgo \u017eivljenjsko dobo. Uporaba vode iz omre\u017eja, enostavno odstranjevanje vodnega kamna in vzdr\u017eevanje.<\/div>\n<div dir=\"auto\"><img loading=\"lazy\" decoding=\"async\" class=\"alignnone size-medium wp-image-285\" src=\"https:\/\/sivalni-servis.si\/wp-content\/uploads\/2020\/10\/A9R127uqxi_1uz93my_fhc-scale-2_00x-scaled-1-300x267.jpg\" alt=\"\" width=\"300\" height=\"267\" srcset=\"https:\/\/sivalni-servis.si\/wp-content\/uploads\/2020\/10\/A9R127uqxi_1uz93my_fhc-scale-2_00x-scaled-1-300x267.jpg 300w, https:\/\/sivalni-servis.si\/wp-content\/uploads\/2020\/10\/A9R127uqxi_1uz93my_fhc-scale-2_00x-scaled-1-1024x911.jpg 1024w, https:\/\/sivalni-servis.si\/wp-content\/uploads\/2020\/10\/A9R127uqxi_1uz93my_fhc-scale-2_00x-scaled-1-768x683.jpg 768w, https:\/\/sivalni-servis.si\/wp-content\/uploads\/2020\/10\/A9R127uqxi_1uz93my_fhc-scale-2_00x-scaled-1-1536x1366.jpg 1536w, https:\/\/sivalni-servis.si\/wp-content\/uploads\/2020\/10\/A9R127uqxi_1uz93my_fhc-scale-2_00x-scaled-1-2048x1822.jpg 2048w\" sizes=\"auto, (max-width: 300px) 100vw, 300px\" \/><\/div>\n<div dir=\"auto\"><\/div>\n<p class=\"_mce_tagged_br\" data-canvas-width=\"243.705\"><span style=\"color: #ff0000;\"><strong>LIKALNI KOTLI\u010cEK COMELECO<\/strong><\/span><\/p>\n<p data-canvas-width=\"36.53333333333333\">Parni likalni kotli\u010dek je namenjen gospodinjski rabi in profesionalnim \u0161iviljam.<\/p>\n<p data-canvas-width=\"58.33333333333333\">Sestavni deli so industrijski, kar zagotavlja kotli\u010dku dolgo \u017eivljenjsko dobo in kvalitetno likanje.<\/p>\n<p>Likalni kotli\u010dek omogo\u010da profesionalno likanje vseh vrst materialov.<\/p>\n<h5>LASTNOSTI<\/h5>\n<ul>\n<li>Elektri\u010dni tok: 220 v.\/1 50 hz<\/li>\n<li>Delovni tlak: 2,5 bar<\/li>\n<li>Kotli\u010dek: 1000 w<\/li>\n<li>Likalnik: 800 w<\/li>\n<li>Kapaciteta kotli\u010dka: 1,5 lt.<\/li>\n<li>Neto te\u017ea: 10 kg<\/li>\n<li>Bruto te\u017ea: 10,5 kg<\/li>\n<\/ul>\n<p><img loading=\"lazy\" decoding=\"async\" class=\"alignnone size-medium wp-image-123\" src=\"https:\/\/sivalni-servis.si\/wp-content\/uploads\/2018\/05\/12-1-300x249.jpg\" alt=\"\" width=\"300\" height=\"249\" srcset=\"https:\/\/sivalni-servis.si\/wp-content\/uploads\/2018\/05\/12-1-300x249.jpg 300w, https:\/\/sivalni-servis.si\/wp-content\/uploads\/2018\/05\/12-1.jpg 578w\" sizes=\"auto, (max-width: 300px) 100vw, 300px\" \/><\/p>\n<p><span style=\"color: #ff0000;\"><strong>LIKALNI SISTEM COMELUX C<\/strong><\/span><\/p>\n<p>Likalni sistem Comelux C je idealna re\u0161itev za gospodinjsko rabo in obrtnike katerim likanje<\/p>\n<p>ne predstavlja primarne dejavnosti. Sistem zdru\u017euje vse prednosti likalnega parnega kotli\u010dka<\/p>\n<p>Comeleco in likalne mize Comelux A. Sestavni deli so industrijski, kar zagotavlja kotli\u010dku dolgo<\/p>\n<div data-canvas-width=\"628.5333333333332\">\u017eivljenjsko dobo in kvalitetno likanje.<\/div>\n<div data-canvas-width=\"628.5333333333332\">Likalni sistem je opremljen z parnim kotli\u010dkom kapacitete\u00a01,5l, ventilatorjem za odvlek, silikonsko podlogo za likalnik,<\/div>\n<div data-canvas-width=\"628.5333333333332\">industrijskim likalnikom, elektromag-\u00a0netnim ventilom za regulacijo pare, dr\u017ealom za kabel likalnika ter termostatom za regulacijo<\/div>\n<div data-canvas-width=\"633.2666666666665\">gretja celotne povr\u0161ine mize. Navedene lastnosti omogo\u010dajo hitro in kvalitetno likanje vseh vrst<\/div>\n<div data-canvas-width=\"119.88333333333331\">materialov. Konstrukcija likalne mize je kovinska, zlo\u017eljiva, mobilna in ima zelo priro\u010dne police za odlaganje obla\u010dil.<\/div>\n<div data-canvas-width=\"119.88333333333331\"><\/div>\n<div data-canvas-width=\"119.88333333333331\"><img loading=\"lazy\" decoding=\"async\" class=\"alignnone size-medium wp-image-54\" src=\"https:\/\/sivalni-servis.si\/wp-content\/uploads\/2018\/05\/13-212x300.jpg\" alt=\"\" width=\"212\" height=\"300\" srcset=\"https:\/\/sivalni-servis.si\/wp-content\/uploads\/2018\/05\/13-212x300.jpg 212w, https:\/\/sivalni-servis.si\/wp-content\/uploads\/2018\/05\/13.jpg 453w\" sizes=\"auto, (max-width: 212px) 100vw, 212px\" \/><\/div>\n<div data-canvas-width=\"119.88333333333331\"><\/div>\n<div data-canvas-width=\"119.88333333333331\"><\/div>\n<div data-canvas-width=\"119.88333333333331\">\n<p><span style=\"color: #ff0000;\">LIKALNI VALJI PFAFF<\/span><\/p>\n<p>Kvalitetno likanje, primeren za doma\u010do in polprofesionalno rabo.<\/p>\n<p>Z valjem se lahko lika brisa\u010de, majice, posteljnimo, prte, hla\u010de, srajce&#8230;<\/p>\n<p>Valj je odprt iz obeh strani, tako da se lahko lika tudi ve\u010dje kose, kateri gledajo iz strani valja.<\/p>\n<p>Hitrost likanja prilagajamo s pritiskom na no\u017eni pedal.<\/p>\n<p>Tri stopnje pare, samodejno ali ro\u010dno.<\/p>\n<\/div>\n<h3 class=\"widget-title\">KJE SE NAHAJAMO?<\/h3>\n<div>\n<div class=\"contact-map-container\"><iframe loading=\"lazy\" class=\"contact-map\" src=\"https:\/\/www.google.com\/maps\/embed\/v1\/place?q=Savinjska+cesta+108%2C+3310+%C5%BDalec&amp;key=AIzaSyCq4vWNv6eCGe2uvhPRGWQlv80IQp8dwTE\" width=\"600\" height=\"216\" frameborder=\"0\" data-mce-fragment=\"1\"><\/iframe><\/div>\n<div class=\"confit-address\"><a class=\"customize-unpreviewable\" href=\"http:\/\/maps.google.com\/maps?z=16&amp;q=savinjska+cesta+108,+3310+%C5%BDalec\" target=\"_blank\" rel=\"noopener noreferrer\">Savinjska cesta 108, 3310 \u017dalec<\/a><\/div>\n<div><a class=\"fl r-ic1rowmAo0Zc\" title=\"Klic prek pogovorov Hangouts\" href=\"https:\/\/www.google.com\/search?hl=sl&amp;ei=e4b0WqTTJMOWkwX8yb-ACQ&amp;q=%C5%A1ivalni+servis+%C5%BEalec&amp;oq=%C5%A1i&amp;gs_l=psy-ab.3.0.35i39k1l2j0i67k1l4j0i131k1j0i67k1l2j0i131k1.373814.374191.0.375414.2.2.0.0.0.0.200.305.0j1j1.2.0....0...1c.1.64.psy-ab..0.2.303....0.aMetmApgoI0#\" data-number=\"+38637103144\" data-pstn-out-call-url=\"\" data-rtid=\"ic1rowmAo0Zc\" data-ved=\"0ahUKEwimr4L82_vaAhXJMewKHcFvA4sQkAgImgEoADAQ\">(03) 710 31 44<\/a><\/div>\n<div>041 404 722<\/div>\n<\/div>\n","protected":false},"excerpt":{"rendered":"<p>Servis za popravilo likalnikov in likalnih valjev v podjetju Darko Tratnik s.p. samo za vas. MAK-RON 860 Likalna postaja za ve\u010dje obremenitve, primerna za ve\u010dje dru\u017eine, kjer je potreba po ve\u010durnem likanju<\/p>\n<a class=\"moretag noptoppad\" href=\"https:\/\/sivalni-servis.si\/?page_id=86\">Read More...<\/a>","protected":false},"author":1,"featured_media":285,"parent":0,"menu_order":0,"comment_status":"closed","ping_status":"closed","template":"","meta":{"footnotes":""},"class_list":["post-86","page","type-page","status-publish","has-post-thumbnail","hentry"],"yoast_head":"<!-- This site is optimized with the Yoast SEO plugin v24.9 - https:\/\/yoast.com\/wordpress\/plugins\/seo\/ -->\n<title>Serviser za popravilo likalnikov in likalnih strojev, Darko Tratnik s.p.<\/title>\n<meta name=\"description\" content=\"Serviser za popravilo likalnikov in likalnih strojev v podjetju Darko Tratnik s.p. samo za vas. Poobla\u0161\u010den servis \u0161ivalnih strojev znamke Pfaff, Brother, Elna, popravila na terenu, Odkup likalnikov,\u00a0serviser za popravilo likalnikov,,prodaja industrijskih strojev, prodaja rabljenih strojev z garancijo.\" \/>\n<meta name=\"robots\" content=\"index, follow, max-snippet:-1, max-image-preview:large, max-video-preview:-1\" \/>\n<link rel=\"canonical\" href=\"https:\/\/sivalni-servis.si\/?page_id=86\" \/>\n<meta property=\"og:locale\" content=\"en_US\" \/>\n<meta property=\"og:type\" content=\"article\" \/>\n<meta property=\"og:title\" content=\"Serviser za popravilo likalnikov in likalnih strojev, Darko Tratnik s.p.\" \/>\n<meta property=\"og:description\" content=\"Serviser za popravilo likalnikov in likalnih strojev v podjetju Darko Tratnik s.p. samo za vas. Poobla\u0161\u010den servis \u0161ivalnih strojev znamke Pfaff, Brother, Elna, popravila na terenu, Odkup likalnikov,\u00a0serviser za popravilo likalnikov,,prodaja industrijskih strojev, prodaja rabljenih strojev z garancijo.\" \/>\n<meta property=\"og:url\" content=\"https:\/\/sivalni-servis.si\/?page_id=86\" \/>\n<meta property=\"og:site_name\" content=\"\u0160ivalni servis\" \/>\n<meta property=\"article:publisher\" content=\"https:\/\/www.facebook.com\/\" \/>\n<meta property=\"article:modified_time\" content=\"2025-04-08T10:02:28+00:00\" \/>\n<meta property=\"og:image\" content=\"https:\/\/sivalni-servis.si\/wp-content\/uploads\/2020\/10\/A9R127uqxi_1uz93my_fhc-scale-2_00x-scaled-1.jpg\" \/>\n\t<meta property=\"og:image:width\" content=\"2560\" \/>\n\t<meta property=\"og:image:height\" content=\"2277\" \/>\n\t<meta property=\"og:image:type\" content=\"image\/jpeg\" \/>\n<meta name=\"twitter:card\" content=\"summary_large_image\" \/>\n<meta name=\"twitter:label1\" content=\"Est. reading time\" \/>\n\t<meta name=\"twitter:data1\" content=\"4 minutes\" \/>\n<script type=\"application\/ld+json\" class=\"yoast-schema-graph\">{\"@context\":\"https:\/\/schema.org\",\"@graph\":[{\"@type\":\"WebPage\",\"@id\":\"https:\/\/sivalni-servis.si\/?page_id=86\",\"url\":\"https:\/\/sivalni-servis.si\/?page_id=86\",\"name\":\"Serviser za popravilo likalnikov in likalnih strojev, Darko Tratnik s.p.\",\"isPartOf\":{\"@id\":\"https:\/\/sivalni-servis.si\/#website\"},\"primaryImageOfPage\":{\"@id\":\"https:\/\/sivalni-servis.si\/?page_id=86#primaryimage\"},\"image\":{\"@id\":\"https:\/\/sivalni-servis.si\/?page_id=86#primaryimage\"},\"thumbnailUrl\":\"https:\/\/sivalni-servis.si\/wp-content\/uploads\/2020\/10\/A9R127uqxi_1uz93my_fhc-scale-2_00x-scaled-1.jpg\",\"datePublished\":\"2018-05-10T19:16:31+00:00\",\"dateModified\":\"2025-04-08T10:02:28+00:00\",\"description\":\"Serviser za popravilo likalnikov in likalnih strojev v podjetju Darko Tratnik s.p. samo za vas. Poobla\u0161\u010den servis \u0161ivalnih strojev znamke Pfaff, Brother, Elna, popravila na terenu, Odkup likalnikov,\u00a0serviser za popravilo likalnikov,,prodaja industrijskih strojev, prodaja rabljenih strojev z garancijo.\",\"breadcrumb\":{\"@id\":\"https:\/\/sivalni-servis.si\/?page_id=86#breadcrumb\"},\"inLanguage\":\"en-US\",\"potentialAction\":[{\"@type\":\"ReadAction\",\"target\":[\"https:\/\/sivalni-servis.si\/?page_id=86\"]}]},{\"@type\":\"ImageObject\",\"inLanguage\":\"en-US\",\"@id\":\"https:\/\/sivalni-servis.si\/?page_id=86#primaryimage\",\"url\":\"https:\/\/sivalni-servis.si\/wp-content\/uploads\/2020\/10\/A9R127uqxi_1uz93my_fhc-scale-2_00x-scaled-1.jpg\",\"contentUrl\":\"https:\/\/sivalni-servis.si\/wp-content\/uploads\/2020\/10\/A9R127uqxi_1uz93my_fhc-scale-2_00x-scaled-1.jpg\",\"width\":2560,\"height\":2277,\"caption\":\"Likalnik z 1,2 lit kotli\u010dkom\"},{\"@type\":\"BreadcrumbList\",\"@id\":\"https:\/\/sivalni-servis.si\/?page_id=86#breadcrumb\",\"itemListElement\":[{\"@type\":\"ListItem\",\"position\":1,\"name\":\"Home\",\"item\":\"https:\/\/sivalni-servis.si\/\"},{\"@type\":\"ListItem\",\"position\":2,\"name\":\"Prodaja, servis tla\u010dnih likalnikov in likalnih valjev\"}]},{\"@type\":\"WebSite\",\"@id\":\"https:\/\/sivalni-servis.si\/#website\",\"url\":\"https:\/\/sivalni-servis.si\/\",\"name\":\"\u0160ivalni servis\",\"description\":\"Darko Tratnik s.p. \",\"publisher\":{\"@id\":\"https:\/\/sivalni-servis.si\/#organization\"},\"potentialAction\":[{\"@type\":\"SearchAction\",\"target\":{\"@type\":\"EntryPoint\",\"urlTemplate\":\"https:\/\/sivalni-servis.si\/?s={search_term_string}\"},\"query-input\":{\"@type\":\"PropertyValueSpecification\",\"valueRequired\":true,\"valueName\":\"search_term_string\"}}],\"inLanguage\":\"en-US\"},{\"@type\":\"Organization\",\"@id\":\"https:\/\/sivalni-servis.si\/#organization\",\"name\":\"Servis \u0160ivalnih Strojev Tratnik Darko s.p.\",\"url\":\"https:\/\/sivalni-servis.si\/\",\"logo\":{\"@type\":\"ImageObject\",\"inLanguage\":\"en-US\",\"@id\":\"https:\/\/sivalni-servis.si\/#\/schema\/logo\/image\/\",\"url\":\"\",\"contentUrl\":\"\",\"caption\":\"Servis \u0160ivalnih Strojev Tratnik Darko s.p.\"},\"image\":{\"@id\":\"https:\/\/sivalni-servis.si\/#\/schema\/logo\/image\/\"},\"sameAs\":[\"https:\/\/www.facebook.com\/\",\"https:\/\/www.instagram.com\/\",\"https:\/\/www.linkedin.com\/\",\"https:\/\/www.myspace.com\/\",\"https:\/\/www.pinterest.com\/\",\"https:\/\/www.youtube.com\/\"]}]}<\/script>\n<!-- \/ Yoast SEO plugin. -->","yoast_head_json":{"title":"Serviser za popravilo likalnikov in likalnih strojev, Darko Tratnik s.p.","description":"Serviser za popravilo likalnikov in likalnih strojev v podjetju Darko Tratnik s.p. samo za vas. Poobla\u0161\u010den servis \u0161ivalnih strojev znamke Pfaff, Brother, Elna, popravila na terenu, Odkup likalnikov,\u00a0serviser za popravilo likalnikov,,prodaja industrijskih strojev, prodaja rabljenih strojev z garancijo.","robots":{"index":"index","follow":"follow","max-snippet":"max-snippet:-1","max-image-preview":"max-image-preview:large","max-video-preview":"max-video-preview:-1"},"canonical":"https:\/\/sivalni-servis.si\/?page_id=86","og_locale":"en_US","og_type":"article","og_title":"Serviser za popravilo likalnikov in likalnih strojev, Darko Tratnik s.p.","og_description":"Serviser za popravilo likalnikov in likalnih strojev v podjetju Darko Tratnik s.p. samo za vas. Poobla\u0161\u010den servis \u0161ivalnih strojev znamke Pfaff, Brother, Elna, popravila na terenu, Odkup likalnikov,\u00a0serviser za popravilo likalnikov,,prodaja industrijskih strojev, prodaja rabljenih strojev z garancijo.","og_url":"https:\/\/sivalni-servis.si\/?page_id=86","og_site_name":"\u0160ivalni servis","article_publisher":"https:\/\/www.facebook.com\/","article_modified_time":"2025-04-08T10:02:28+00:00","og_image":[{"width":2560,"height":2277,"url":"https:\/\/sivalni-servis.si\/wp-content\/uploads\/2020\/10\/A9R127uqxi_1uz93my_fhc-scale-2_00x-scaled-1.jpg","type":"image\/jpeg"}],"twitter_card":"summary_large_image","twitter_misc":{"Est. reading time":"4 minutes"},"schema":{"@context":"https:\/\/schema.org","@graph":[{"@type":"WebPage","@id":"https:\/\/sivalni-servis.si\/?page_id=86","url":"https:\/\/sivalni-servis.si\/?page_id=86","name":"Serviser za popravilo likalnikov in likalnih strojev, Darko Tratnik s.p.","isPartOf":{"@id":"https:\/\/sivalni-servis.si\/#website"},"primaryImageOfPage":{"@id":"https:\/\/sivalni-servis.si\/?page_id=86#primaryimage"},"image":{"@id":"https:\/\/sivalni-servis.si\/?page_id=86#primaryimage"},"thumbnailUrl":"https:\/\/sivalni-servis.si\/wp-content\/uploads\/2020\/10\/A9R127uqxi_1uz93my_fhc-scale-2_00x-scaled-1.jpg","datePublished":"2018-05-10T19:16:31+00:00","dateModified":"2025-04-08T10:02:28+00:00","description":"Serviser za popravilo likalnikov in likalnih strojev v podjetju Darko Tratnik s.p. samo za vas. Poobla\u0161\u010den servis \u0161ivalnih strojev znamke Pfaff, Brother, Elna, popravila na terenu, Odkup likalnikov,\u00a0serviser za popravilo likalnikov,,prodaja industrijskih strojev, prodaja rabljenih strojev z garancijo.","breadcrumb":{"@id":"https:\/\/sivalni-servis.si\/?page_id=86#breadcrumb"},"inLanguage":"en-US","potentialAction":[{"@type":"ReadAction","target":["https:\/\/sivalni-servis.si\/?page_id=86"]}]},{"@type":"ImageObject","inLanguage":"en-US","@id":"https:\/\/sivalni-servis.si\/?page_id=86#primaryimage","url":"https:\/\/sivalni-servis.si\/wp-content\/uploads\/2020\/10\/A9R127uqxi_1uz93my_fhc-scale-2_00x-scaled-1.jpg","contentUrl":"https:\/\/sivalni-servis.si\/wp-content\/uploads\/2020\/10\/A9R127uqxi_1uz93my_fhc-scale-2_00x-scaled-1.jpg","width":2560,"height":2277,"caption":"Likalnik z 1,2 lit kotli\u010dkom"},{"@type":"BreadcrumbList","@id":"https:\/\/sivalni-servis.si\/?page_id=86#breadcrumb","itemListElement":[{"@type":"ListItem","position":1,"name":"Home","item":"https:\/\/sivalni-servis.si\/"},{"@type":"ListItem","position":2,"name":"Prodaja, servis tla\u010dnih likalnikov in likalnih valjev"}]},{"@type":"WebSite","@id":"https:\/\/sivalni-servis.si\/#website","url":"https:\/\/sivalni-servis.si\/","name":"\u0160ivalni servis","description":"Darko Tratnik s.p. ","publisher":{"@id":"https:\/\/sivalni-servis.si\/#organization"},"potentialAction":[{"@type":"SearchAction","target":{"@type":"EntryPoint","urlTemplate":"https:\/\/sivalni-servis.si\/?s={search_term_string}"},"query-input":{"@type":"PropertyValueSpecification","valueRequired":true,"valueName":"search_term_string"}}],"inLanguage":"en-US"},{"@type":"Organization","@id":"https:\/\/sivalni-servis.si\/#organization","name":"Servis \u0160ivalnih Strojev Tratnik Darko s.p.","url":"https:\/\/sivalni-servis.si\/","logo":{"@type":"ImageObject","inLanguage":"en-US","@id":"https:\/\/sivalni-servis.si\/#\/schema\/logo\/image\/","url":"","contentUrl":"","caption":"Servis \u0160ivalnih Strojev Tratnik Darko s.p."},"image":{"@id":"https:\/\/sivalni-servis.si\/#\/schema\/logo\/image\/"},"sameAs":["https:\/\/www.facebook.com\/","https:\/\/www.instagram.com\/","https:\/\/www.linkedin.com\/","https:\/\/www.myspace.com\/","https:\/\/www.pinterest.com\/","https:\/\/www.youtube.com\/"]}]}},"_links":{"self":[{"href":"https:\/\/sivalni-servis.si\/index.php?rest_route=\/wp\/v2\/pages\/86","targetHints":{"allow":["GET"]}}],"collection":[{"href":"https:\/\/sivalni-servis.si\/index.php?rest_route=\/wp\/v2\/pages"}],"about":[{"href":"https:\/\/sivalni-servis.si\/index.php?rest_route=\/wp\/v2\/types\/page"}],"author":[{"embeddable":true,"href":"https:\/\/sivalni-servis.si\/index.php?rest_route=\/wp\/v2\/users\/1"}],"replies":[{"embeddable":true,"href":"https:\/\/sivalni-servis.si\/index.php?rest_route=%2Fwp%2Fv2%2Fcomments&post=86"}],"version-history":[{"count":10,"href":"https:\/\/sivalni-servis.si\/index.php?rest_route=\/wp\/v2\/pages\/86\/revisions"}],"predecessor-version":[{"id":471,"href":"https:\/\/sivalni-servis.si\/index.php?rest_route=\/wp\/v2\/pages\/86\/revisions\/471"}],"wp:featuredmedia":[{"embeddable":true,"href":"https:\/\/sivalni-servis.si\/index.php?rest_route=\/wp\/v2\/media\/285"}],"wp:attachment":[{"href":"https:\/\/sivalni-servis.si\/index.php?rest_route=%2Fwp%2Fv2%2Fmedia&parent=86"}],"curies":[{"name":"wp","href":"https:\/\/api.w.org\/{rel}","templated":true}]}}